{"id":100,"date":"2017-05-04T21:38:24","date_gmt":"2017-05-04T21:38:24","guid":{"rendered":"http:\/\/www.juvetfinques.es\/?page_id=100"},"modified":"2017-05-21T16:08:45","modified_gmt":"2017-05-21T16:08:45","slug":"lloguer-anual","status":"publish","type":"page","link":"https:\/\/www.juvetfinques.es\/index.php\/ca\/lloguer-anual\/","title":{"rendered":"Lloguer anual"},"content":{"rendered":"<h3>Vols\u00a0llogar la teva propietat?<\/h3>\n<p>T\u2019oferim la <strong>Gesti\u00f3 Integral del proc\u00e9s de lloguer<\/strong><\/p>\n<h4>Estudi de Mercat<\/h4>\n<p>Per poder\u00a0llogar una propietat el primer que cal es fer un estudi de mercat pel teu immoble. Aquest estudi professional ens ajuda a trobar el preu de lloguer de la teva propietat a preu de mercat tenint en compte les seves caracter\u00edstiques particulars i les de la nostra compet\u00e8ncia m\u00e9s propera.<\/p>\n<figure id=\"attachment_20\" aria-describedby=\"caption-attachment-20\" style=\"width: 300px\" class=\"wp-caption aligncenter\"><img loading=\"lazy\" class=\"size-medium wp-image-20\" src=\"http:\/\/www.juvetfinques.es\/wp-content\/uploads\/2017\/05\/estudi-mercat-300x187.jpg\" alt=\"\" width=\"300\" height=\"187\" srcset=\"https:\/\/www.juvetfinques.es\/wp-content\/uploads\/2017\/05\/estudi-mercat-300x187.jpg 300w, https:\/\/www.juvetfinques.es\/wp-content\/uploads\/2017\/05\/estudi-mercat.jpg 664w\" sizes=\"(max-width: 300px) 100vw, 300px\" \/><figcaption id=\"caption-attachment-20\" class=\"wp-caption-text\">Estudi de mercat inmoble<\/figcaption><\/figure>\n<h4>Comercialitzaci\u00f3<\/h4>\n<p>Un pla de marketing espec\u00edfic pel teu immoble ens ajudar\u00e0 a comercialitzar-lo adequadament.<\/p>\n<p>Avui en dia m\u00e9s del 80% dels\u00a0llogaters cerquen immoble per internet.<\/p>\n<p>Publicarem el teu inmoble a la nostra web i\u00a0seleccionarem els\u00a0principals portals immobiliaris on publicar per trobar un bon llogater.<\/p>\n<h4>Garantia de Cobrament<\/h4>\n<p>Lloga amb totes les garanties. Ens assegurem de trobar un bon llogater.<\/p>\n<p>Amb la nostra asseguran\u00e7a de lloguers et garantim el cobrament de les rendes;<\/p>\n<ul>\n<li>An\u00e0lisis de solvencia del llogater<\/li>\n<li>Acc\u00e9s a fitxers de morosos<\/li>\n<li>Garant\u00eda de desnonament<\/li>\n<li>Tr\u00e0mits judicials i extrajudicials<\/li>\n<li>Desallotjament i recuperaci\u00f3 de claus<\/li>\n<\/ul>\n<p><img loading=\"lazy\" class=\"size-medium wp-image-116 aligncenter\" src=\"http:\/\/www.juvetfinques.es\/wp-content\/uploads\/2017\/05\/seguros-alquiler-300x71.png\" alt=\"\" width=\"300\" height=\"71\" srcset=\"https:\/\/www.juvetfinques.es\/wp-content\/uploads\/2017\/05\/seguros-alquiler-300x71.png 300w, https:\/\/www.juvetfinques.es\/wp-content\/uploads\/2017\/05\/seguros-alquiler.png 600w\" sizes=\"(max-width: 300px) 100vw, 300px\" \/><\/p>\n<h4>Contracte de Lloguer<\/h4>\n<p>Un bon contracte de lloguer d&#8217;acord amb la Llei d&#8217;Arrendaments Urbans es la base per evitar problemes posteriors. Farem el contracte de lloguer d&#8217;acord amb la normativa on s&#8217;exposaran els drets i\u00a0les obligacions de l&#8217;arrendador i el llogater.<\/p>\n<p><img loading=\"lazy\" class=\"size-full wp-image-32 aligncenter\" src=\"http:\/\/www.juvetfinques.es\/wp-content\/uploads\/2017\/05\/contracte.png\" alt=\"\" width=\"289\" height=\"175\" \/><\/p>\n<h4>\u00a0Gesti\u00f3 del lloguer<\/h4>\n<p>Ens encarreguem de la gesti\u00f3 dels rebuts de lloguer i de ingressar-li les rendes al seu compte corrent i si ho desitja de la gesti\u00f3 de incid\u00e9ncies.<\/p>\n<p>Tamb\u00e9 ens assegurem que es fan els canvis de nom dels subministraments<\/p>\n<p>Opcionalment, i amb el\u00a0teu consentiment, gestionarem\u00a0qualsevol incidencia del teu immoble de lloguer fins a solucionar-la.<\/p>\n<h4>Area d&#8217;usuari<\/h4>\n<p>A la nostra area d&#8217;usuari trobaras tota la informaci\u00f3 realtiva als teus lloguers.<\/p>\n","protected":false},"excerpt":{"rendered":"<p>Vols\u00a0llogar la teva propietat? T\u2019oferim la Gesti\u00f3 Integral del proc\u00e9s de lloguer Estudi de Mercat Per poder\u00a0llogar una propietat el primer que cal es fer un estudi de mercat pel teu immoble. Aquest estudi professional ens ajuda a trobar el preu de lloguer de la teva propietat a preu de mercat tenint en compte les &hellip; <a href=\"https:\/\/www.juvetfinques.es\/index.php\/ca\/lloguer-anual\/\" class=\"more-link\">Continua la lectura de <span class=\"screen-reader-text\">Lloguer anual<\/span> <span class=\"meta-nav\">&rarr;<\/span><\/a><\/p>\n","protected":false},"author":1,"featured_media":0,"parent":0,"menu_order":0,"comment_status":"closed","ping_status":"closed","template":"","meta":[],"_links":{"self":[{"href":"https:\/\/www.juvetfinques.es\/index.php\/wp-json\/wp\/v2\/pages\/100"}],"collection":[{"href":"https:\/\/www.juvetfinques.es\/index.php\/wp-json\/wp\/v2\/pages"}],"about":[{"href":"https:\/\/www.juvetfinques.es\/index.php\/wp-json\/wp\/v2\/types\/page"}],"author":[{"embeddable":true,"href":"https:\/\/www.juvetfinques.es\/index.php\/wp-json\/wp\/v2\/users\/1"}],"replies":[{"embeddable":true,"href":"https:\/\/www.juvetfinques.es\/index.php\/wp-json\/wp\/v2\/comments?post=100"}],"version-history":[{"count":5,"href":"https:\/\/www.juvetfinques.es\/index.php\/wp-json\/wp\/v2\/pages\/100\/revisions"}],"predecessor-version":[{"id":712,"href":"https:\/\/www.juvetfinques.es\/index.php\/wp-json\/wp\/v2\/pages\/100\/revisions\/712"}],"wp:attachment":[{"href":"https:\/\/www.juvetfinques.es\/index.php\/wp-json\/wp\/v2\/media?parent=100"}],"curies":[{"name":"wp","href":"https:\/\/api.w.org\/{rel}","templated":true}]}}